+ -198.
45
What is -3 + (12 - 7 - -6) + -12 + 0 + -92?
-96
What is the value of (-8 + -2 - (6 - 7 - 11)) + -49?
-47
Evaluate 2 + (-15 - (15 - (6 - -23))) - (-2 - 8).
11
What is the value of -16 + (17 + -9 - -13) + -2 + 31?
34
Evaluate -21 + 25 + (-26 - (-15 + 12)) - -79.
60
What is (126 - 150) + 3 + 24 - 134?
-131
1 + (10 - ((-4 - -5) + 8)) + (-3 - -50)
49
Calculate 29 + (-6 + -9 + 50 + -21 - 0).
43
16 - (0 - -6) - 2 - (-6 - (-7 + -26))
-19
What is (30 - -3) + 561 + -607?
-13
What is -4 - (-13 + -78 + -2 + (-22 - -19))?
92
Calculate 1727 - 1742 - (7 - (-1 + 1)).
-22
What is 1 - (9 + -9 - ((3 - 7) + (-2 - -4)))?
-1
(26 - 68 - -24 - (-5 + -8)) + -34
-39
What is the value of 44 + 1 - (-14 - (-26 - 30 - -30))?
33
13 + (-16 - -72) + (2 - 19) - 1
51
Calculate 76 - (-23 - (19 + (3 - 30)) - -22).
69
What is (28 + -41 + 2 - (3 - 14)) + 72?
72
Evaluate -5 + 0 - (13159 + -13108).
-56
What is -15 + (-30 - (-57 - -17))?
-5
Calculate 1 - (268 + -283 + (-3 - -1) + 19).
-1
Calculate (-165 - -176) + 46 + (-4 + -1 - (-4 - 1)).
57
What is -12 + -19 + 32 + -5 + -1 + 10 + 5?
10
Calculate 14 + -1 - 0 - (-522 + 365 + 190).
-20
What is the value of (-24 - -3 - -5) + 120 + -17?
87
What is 21 - 31 - (14 - 20 - (3 - (2 - -47)))?
-50
Evaluate (-24 + -21 - (6 - (1 + 1))) + 943 + -945.
-51
What is the value of -55 + (-36 + (22 - 4) + 29 - 19)?
-63
Evaluate 57 + -50 + 1 + -1 + 5 - 3 - -43.
52
0 + -50 - ((15 + -2 - -1 - 7) + -10)
-47
What is the value of (-564 - -624) + -24 + -2?
34
What is the value of -115 + 0 + 1 - (1 + -4 - (577 - 594))?
-128
What is the value of (4 - -23) + -6 - (21 - -12)?
-12
Calculate -70 - 1 - (3607 - 3630).
-48
Calculate -269 - -82 - -165 - (-68 + 1).
45
Evaluate (0 - -14) + (-54 - (112 + -186)).
34
What is the value of (25 + (-20 - 37) - -11) + (0 - 2) + -2?
-25
What is (0 + (-13 - -3) + 54 - 13) + -12 + 9?
28
Calculate 30 - (65 + -18 + 15).
-32
Calculate 8 - -3 - (-12 + -27 - (6 + -17 - -16)).
55
What is the value of (66 - -2) + 9 - 61?
16
What is -2 - -55 - (27 + -5 + -16 - 21)?
68
What is the value of 5 - (-19 + (-11 - (6 + (-21 - 12) + 6)))?
14
Evaluate -2 + 19 - (22 + -7) - -4 - (-3 - -1).
8
-59 + -51 + 59 + 26
-25
What is -38 + (60 - 125) + 72?
-31
6 - (1 + 20 + 6 + -11 + -5) - -54
49
What is the value of 15 - (-2 + -10 + 50) - -12?
-11
What is -66 + -2 + 2170 + -2005?
97
Calculate -19 + 426 + -401 + 51 + 0.
57
What is the value of 2 + 0 - (-23 - (-57 - (17 + -25 - 7)))?
-17
-15 + (5 - 5) + -3 + 4 + (-4 - -3)
-15
Calculate (87 + -167 - -88) + 80.
88
Evaluate 61 - (52 - 41) - 112.
-62
What is -1 + -4 + (19 - (12 - -17 - -22))?
-37
What is the value of 54 + -52 + (-17 - (-7 - 9))?
1
Calculate 97 + (-43 - -6) + -41.
19
Evaluate -20 + 49 + -30 + -57 + 9.
-49
Evaluate -35 + 96 + -11 + (21 - (5 + 0)) + -1.
65
Calculate 22 - (35 + -9 + -60).
56
Evaluate 12 + -12 - (-15 - (-51 + -35)).
-71
(-1 - 10) + -61 + 110
38
What is the value of 20 - (37 + (14 - (-2 - -7)))?
-26
What is the value of -43 - (124 + 80 + -173)?
-74
What is the value of ((1 - -1) + -110 - (-21 - -21)) + (2113 - 2110)?
-105
What is 11 + 5 - (-25 + 55 - 62)?
48
What is -7 + 5 + -8 + 2 + 7 + 5 + -31?
-27
8569 + -8555 - (0 - -2 - (-73 + 1 + -6))
-66
Evaluate 0 + 5 + 2 + 0 + (52 - 105).
-46
Calculate 12 + (-8 - -6) + -5 + (6 - 44) + 1.
-32
What is -9 + 14 + 28 - (137 + -112)?
8
What is -49 + (12 - 4) - (-164 + 176)?
-53
Evaluate 67 + -3 + (-38 - -37).
63
What is -112 + 200 + 63 + -121?
30
(18 - 54) + -50 + 51
-35
Evaluate (-2 - 30) + 0 - (-124 - (-110 + -5)).
-23
What is the value of -7 + 0 + -1 - (-67 - (181 - 236))?
4
Calculate -6 - (2 - (2 - 8 - (-11 + 3))).
-6
What is the value of -29 + 18 - ((-3 - -8) + -13)?
-3
Evaluate 17 + (-29 - -82) + -55.
15
61 - (24 - -14) - -19
42
Calculate 2 + -1 - -17 - (2820 - 2753).
-49
-4008 - -3993 - (1 + -39)
23
What is the value of (-18 - 46) + 9 + 15?
-40
-48 + (-7 - -26) + (-19 - -4)
-44
-2 - (-20 - (-24 - (-8 - -13 - 16)))
5
Evaluate -1 - (29 - 23) - (3 + -56).
46
Evaluate 195 - (75 - 26) - 88.
58
What is 30 + 11 + -30 + (-4 + 8 - 27)?
-12
-149 - (-32 - (35 + -34))
-116
Evaluate (13 - 1) + -19 + (-11 - (-84 + 19)).
47
5 - 2 - (-104 + 88) - (67 - 166)
118
Evaluate (36 - (-1 - (22 - 39))) + -18.
2
1 - 70 - (-902 - -863)
-30
Evaluate 25 + -8 + 15 + -20 + -10 + 41.
43
What is 2 - (-2 + 2) - (-7 + 8) - (-47 + -4)?
52
What is the value of -59 + 65 + 59 + -35?
30
Calculate (-1 - 74) + (-106 - -153 - 36).
-64
What is the value of (-4 - 7) + (32 - (9 + 7 + -7)) + -7?
5
What is the value of -7 - (5 + -30) - (25 + -27)?
20
Evaluate (14 + (31 - 23) - (-2 - -25)) + 61.
60
Calculate 1 + 0 + (-9 - (-43 - (-35 + 11))) - 111.
-100
(19 - 60) + 54 + -16
-3
Calculate 21 + (13 - (7 + 66)).
-39
Evaluate (-2 - -49) + (20 - (-3 - 0 - -31)).
39
What is the value of -54 - (20 + -77 + 3)?
0
Calculate -82 + 133 + (-174 - 4 - -16).
-111
Calculate (-98 - -1) + (14 - (-24 + 76 + -25)) - -3.
-107
Evaluate -3 + (-27 - -21) - 6.
-15
Calculate -1 + 0 + -4 + 40 + (18 - 39) + 20.
34
Evaluate (91 - -5 - 13) + -125.
-42
Calculate 22 + -8 + (2 - (-8 - -42)).
-18
What is the value of 70 + 3 - (1012 - 965)?
26
Evaluate -121 + (112 - -11) - -73.
75
What is the value of -215 + 225 - (-2 + 8) - 4?
0
34 + -63 - (7 + 1)
-37
Evaluate (-176 - -198) + -17 + 2 + -1 - (10 - 1).
-3
Calculate 45 + -56 - (-4 + -2 - -1) - (1 + 5).
-12
Calculate 11 - ((-22 - 11) + 47).
-3
(-1 + -2 - -44) + (327 - 300 - (1 + 38))
29
Calculate -3 + 15 + -23 + 19 + -17 - 20.
-29
What is the value of (51 - 3) + 16 + -2 + 13 + -29 + 1?
47
Evaluate -51 + (41 - 50) - -39.
-21
What is (144 - (326 - 145)) + 4 + -1 + -3 + 1?
-36
Evaluate (-2 - -42) + 132 + -175 + -128 + 1.
-130
Calculate (-8 - (1 + -21 - 18)) + -16.
14
Evaluate 35 + (-49 - -24) + (-33 - (1 + -7)).
-17
55 - (-15 + -7 + -6 - -16)
67
-54 - (-138 + 59) - -15
40
Evaluate (-2 - -87) + (-18 - -29) + (148 - 152).
92
Calculate -4 + (-1 - -5) + (-48 - (-33 - 41)).
26
Evaluate (53 + -29 - 54) + -1 + 143.
112
-16 - -110 - (-5 + 12 + -13 - -10)
90
Evaluate (108 + -115 - -13) + (0 + 0 - 0).
6
What is the value of -50 - 7 - (-83 + 61) - (-4 - -8)?
-39
7 + (-7 - -3) - ((54 - -1) + (-110 - -101))
-43
Evaluate 54 + (-2 - (9 + -24) - 7) + 1 + 0.
61
What is (10 - 7) + -78 + (-9 - (9 + -3 - 22))?
-68
What is -7 - (3 + -4 + -1 + 177 + -252)?
70
What is -85 + 51 - (-34 - -48)?
-48
Evaluate 7 - (-60 + -24 + 49).
42
Calculate -12 - (9 + -37 - (-3 - -35)).
48
-70 + -54 + (39 - -23)
-62
Evaluate 15 - 23 - -48 - (0 + -1 + (10 - 14)).
45
61 + (-11 - (1 + (-4 - 2))) + 19 + -9
65
Evaluate ((-1 - 3) + 61 - -4) + -43 + 97 + -56.
59
(-30 - (-56 + 46)) + (8 - -47)
35
Calculate 4 + (-40 - -2) - (1 - (3 - 0) - 3).
-29
What is -69 + 1 - (-2554 - -2416)?
70
-18 + 1 - (23 - (10 + -1 + 6))
-25
What is 17 + (-5 - -6) + -8 + -9?
1
What is 50 - 81 - -55 - 58?
-34
What is the value of 4 + -11 + 8 - (115 - -12 - 13 - 7)?
-106
30 + (-2 + -23 - 0) + -100
-95
Evaluate 15 - (-46 + 123 + 6).
-68
Calculate 26 + -7 + -12 + 11 - (-21 + 28).
11
Calculate -27 - -104 - 2 - 46.
29
What is the value of -26 - 16 - (-25 - (23 - 45))?
-39
What is the value of 17 - 21 - ((-3 - (-16 - -13)) + -1 + -4)?
1
Calculate 5 + -4 + -12 + 20 - -45.
54
Evaluate 11 + (0 + 1 - (3 - (-9 - -12 - 12))).
0
What is the value of (-9 - (-1 + -3) - 12) + (-138 - -88)?
-67
Evaluate 12 + 5 + 13 + -3 + -11.
16
What is (23 - (-37 + 11 - -41)) + (0 - 10) + -10?
-12
What is the value of -19 + 15 + -1 + (-11 - -5) - (12 - 49)?
26
Evaluate (0 + 5 + 4 - (11 - -29)) + 19.
-12
What is 7328 + -7280 + (-100 - 2)?
-54
Evaluate 12 - (-35 + (-12 - (-5 - 4) - -8)).
42
What is the value of (-132 - -75) + (4 + 8 + -18 - -8)?
-55
Calculate 2 + 0 + -54 + 44 + -122 + 79.
-51
What is -43 + 43 - (0 - (3 + 11 + -9))?
5
Evaluate -3 + (2 + 2 + -12 - -18) + -3.
4
Evaluate 27 - (-2 - -4) - (2 + 4) - (-48 - -38).
29
Evaluate 25 + 3 - -1 - (2273 + -2272).
28
(-1 - -11) + 5 + 8 + (17 + -17 - 11)
12
Evaluate -35 + 62 + 8 + 9 + -1 + -3.
40
-1 + 1 + (16 + -11 + 35 + -2 - 5)
33
What is (13 - 2) + -83 + 70 + (0 - -19)?
17
Evaluate (2 - -4 - (-12 - (-10 + -1))) + -20.
-13
What is the value of (-27 - (7 - (-18 - -21)) - (-1 + -10)) + 9?
-11
What is the value of 508 + -586 + 20 + 1?
-57
Calculate 64 - -11 - 50 - 127.
-102
Evaluate -30 - -34 - (1 + 2 - -1).
0
-52 + (111 - 51) + 5
